alse
Is 62831 a prime number?
False
Is 10301 a composite number?
False
Is 181777 a composite number?
False
Is 15053 a prime number?
True
Is 27031 prime?
True
Is 221 composite?
True
Is 1311689 prime?
True
Is 920926 prime?
False
Is 2939 a prime number?
True
Is 157727 a prime number?
False
Is 731327 composite?
False
Is 357303 a prime number?
False
Is 638023 a prime number?
True
Is 6911 composite?
False
Is 73517 a composite number?
False
Is 9733 composite?
False
Is 77 prime?
False
Is 371521 a composite number?
True
Is 3223 a prime number?
False
Is 559477 prime?
False
Is 277921 a composite number?
True
Is 1706057 a composite number?
False
Is 17617 a composite number?
True
Is 4391 a prime number?
True
Is 1527247 a prime number?
True
Is 42214 prime?
False
Is 7963 a prime number?
True
Is 41491 a prime number?
True
Is 1278923 a composite number?
True
Is 454207 a composite number?
True
Is 44483 a composite number?
False
Is 70271 a composite number?
False
Is 640909 a composite number?
True
Is 195581 composite?
False
Is 1714457 prime?
True
Is 584023 a prime number?
False
Is 22189 a prime number?
True
Is 313471 prime?
True
Is 482263 composite?
False
Is 63797 prime?
False
Is 10903 a composite number?
False
Is 82117 a prime number?
False
Is 993491 a composite number?
True
Is 37283 a composite number?
True
Is 2371 a prime number?
True
Is 304687 a prime number?
True
Is 1167977 composite?
True
Is 1145 a prime number?
False
Is 2959 prime?
False
Is 184627 composite?
False
Is 21089 prime?
True
Is 48073 prime?
True
Is 18701 a prime number?
True
Is 953349 a prime number?
False
Is 858395 composite?
True
Is 2081 a composite number?
False
Is 2579 a prime number?
True
Is 1773307 prime?
True
Is 68473 composite?
False
Is 197921 composite?
False
Is 1967369 composite?
False
Is 6020491 prime?
True
Is 1679 a prime number?
False
Is 4527541 prime?
True
Is 983659 a composite number?
False
Is 3482857 a prime number?
False
Is 18455 prime?
False
Is 839957 a composite number?
False
Is 1299751 composite?
True
Is 14621 a prime number?
True
Is 3427 a composite number?
True
Is 48211 a prime number?
False
Is 224855 a prime number?
False
Is 140797 a composite number?
False
Is 406621 composite?
True
Is 27827 composite?
False
Is 16349 a prime number?
True
Is 12169 a prime number?
False
Is 41889 composite?
True
Is 44171 composite?
False
Is 47881 composite?
False
Is 1164773 a composite number?
True
Is 375871 composite?
True
Is 22189 composite?
False
Is 77869 a composite number?
True
Is 136417 a prime number?
True
Is 4533 a composite number?
True
Is 29611 a prime number?
True
Is 527563 composite?
False
Is 181787 composite?
False
Is 1537 prime?
False
Is 7283 prime?
True
Is 11642 prime?
False
Is 51733 a composite number?
True
Is 21467 prime?
True
Is 70561 a composite number?
True
Is 45007 a prime number?
True
Is 91313 a composite number?
True
Is 111 composite?
True
Is 15599 a composite number?
True
Is 46219 a prime number?
True
Is 3314 prime?
False
Is 85283 a prime number?
False
Is 75657 composite?
True
Is 2101 a composite number?
True
Is 19913 composite?
False
Is 30193 composite?
True
Is 14143 a prime number?
True
Is 19579 a composite number?
True
Is 9941 prime?
True
Is 275603 a prime number?
False
Is 140873 a composite number?
True
Is 599045 a composite number?
True
Is 107999 composite?
False
Is 63101 composite?
True
Is 2325949 a composite number?
True
Is 1756463 composite?
False
Is 42301 prime?
False
Is 53999 composite?
True
Is 868811 a composite number?
True
Is 13238 composite?
True
Is 769 a composite number?
False
Is 40867 a prime number?
True
Is 623563 a composite number?
False
Is 227413 a prime number?
False
Is 2073441 prime?
False
Is 38769 a composite number?
True
Is 13781 composite?
False
Is 2029 composite?
False
Is 6031 a composite number?
True
Is 6599 composite?
False
Is 316531 prime?
True
Is 16613 a prime number?
False
Is 92333 a composite number?
False
Is 31769 a composite number?
False
Is 36665 composite?
True
Is 1189919 composite?
False
Is 6485 a composite number?
True
Is 43487 a prime number?
True
Is 3989 a composite number?
False
Is 8893 a prime number?
True
Is 1311503 a prime number?
True
Is 234151 prime?
False
Is 10961 composite?
True
Is 26879 a composite number?
False
Is 7603 a composite number?
False
Is 253222 composite?
True
Is 11657 a prime number?
True
Is 18539 composite?
False
Is 588797 prime?
False
Is 1423 a composite number?
False
Is 15059821 a prime number?
False
Is 14503 prime?
True
Is 11197 a prime number?
True
Is 2138 a composite number?
True
Is 6907 a composite number?
False
Is 13303 a prime number?
False
Is 22087 a prime number?
False
Is 1413233 a composite number?
False
Is 262253 a composite number?
False
Is 394201 a prime number?
True
Is 8553 a prime number?
False
Is 348001 a composite number?
False
Is 3163 composite?
False
Is 38543 composite?
False
Is 377011 a prime number?
True
Is 9199 composite?
False
Is 12961 prime?
False
Is 34421 a prime number?
True
Is 832541 prime?
False
Is 2136773 a composite number?
False
Is 11341 a prime number?
False
Is 116627 prime?
False
Is 7309 prime?
True
Is 71653 composite?
True
Is 23603 a composite number?
False
Is 513505 composite?
True
Is 55661 composite?
False
Is 25273 a prime number?
False
Is 982 composite?
True
Is 58657 a prime number?
True
Is 1384711 composite?
False
Is 16609 a prime number?
False
Is 23659 composite?
True
Is 211307 prime?
False
Is 734099 composite?
True
Is 82883 prime?
True
Is 74623 composite?
False
Is 14023 prime?
False
Is 115499 a prime number?
True
Is 92819 a prime number?
False
Is 3669 a prime number?
False
Is 1759 composite?
False
Is 907 a composite number?
False
Is 213773 a prime number?
False
Is 7531 a composite number?
True
Is 29777 a composite number?
True
Is 2179 composite?
False
Is 2257 prime?
False
Is 668843 composite?
True
Is 106367 a prime number?
True
Is 831221 composite?
False
Is 23259 a composite number?
True
Is 1039 prime?
True
Is 15809 composite?
False
Is 11311 prime?
True
Is 37707 composite?
True
Is 75011 a composite number?
False
Is 977 prime?
True
Is 3691 composite?
False
Is 8921 composite?
True
Is 16255 a composite number?
True
Is 116329 a composite number?
False
Is 29383 prime?
True
Is 4742 composite?
True
Is 513307 prime?
True
Is 91731 composite?
True
Is 13085 composite?
True
Is 17039 a composite number?
True
Is 7411 composite?
False
Is 373579 composite?
True
Is 150959 a prime number?
True
Is 499853 a prime number?
True
Is 16207 composite?
True
Is 2169677 a prime number?
True
Is 25537 composite?
False
Is 30947 prime?
False
Is 5131 prime?
False
Is 70109 a composite number?
True
Is 19733 prime?
False
Is 345727 composite?
False
Is 16619 composite?
False
Is 1192327 a composite number?
False
Is 46558 a prime number?
False
Is 1009 a composite number?
False
Is 450295 a composite number?
True
Is 28429 a prime number?
True
Is 7934 prime?
False
Is 11401 a prime number?
False
Is 344111 a composite number?
False
Is 48973 composite?
False
Is 848981 a composite number?
True
Is 40087 a prime number?
True
Is 28343 a composite number?
True
Is 282349 prime?
True
Is 13117 composite?
True
Is 528587 a prime number?
False
Is 704751 a prime number?
False
Is 388319 prime?
True
Is 189263 a prime number?
False
Is 114746 prime?
False
Is 3512759 a composite number?
False
Is 5669 a prime number?
True
Is 14867 a prime number?
True
Is 36187 a composite number?
False
Is 1087 a composite number?
False
Is 11409 composite?
True
Is 45737 prime?
True
Is 9389 a composite number?
True
Is 362873 prime?
False
Is 77317 a prime number?
True
Is 613 composite?
False
Is 7655 prime?
False
Is 72305 a prime number?
False
Is 45053 a prime number?
True
Is 75169 prime?
True
Is 12539 prime?
True
Is 44539 composite?
True
Is 96893 composite?
False
Is 5921 a composite number?
True
Is 40181 composite?
True
Is 696479 composite?
True
Is 238859 prime?
True
Is 1061399 a composite number?
True
Is 85549 a prime number?
True
Is 799899 a prime number?
False
Is 65767 a prime number?
False
Is 139241 prime?
True
Is 432767 composite?
True
Is 19913 a composite number?
False
Is 703529 a prime number?
False
Is 5207 composite?
True
Is 333979 composite?
True
Is 30111 a prime number?
False
Is 1839021 a prime number?
False
Is 22969 prime?
False
Is 16